common divisor of 142 and x.
142
Let h = 1872 + -1822. Let a be -2 + 12/(-9) + 1285/3. What is the greatest common divisor of h and a?
25
Suppose -110*p + 57*p = -13*p - 14400. What is the highest common factor of 160 and p?
40
Suppose 2*v - 3*u - 198 = 6, -5*u - 102 = -v. Calculate the highest common factor of 138 and v.
6
Let u = 285 - 245. Let x(q) = -q**2 - 14*q - 14. Suppose -5*y = 2*b + 64, 5*y + 5*b + 22 = 4*y. Let a be x(y). What is the highest common factor of u and a?
10
Let y be (-965)/(-386) - (38845/(-8) - 2/(-16)). Calculate the greatest common divisor of 126 and y.
14
Let j(a) = -88*a - 1431. Let d be j(-17). What is the highest common factor of d and 155?
5
Suppose 2*v = -4*f + 298, -907*v = -2*f - 903*v + 174. What is the highest common factor of 35 and f?
7
Suppose -5*t = 2*t. Suppose 13*h - 1111 - 241 = t. Let i = 22 - 9. Calculate the greatest common factor of i and h.
13
Let x(h) = -3*h**2 + 9. Let f be x(5). Let l = f - -129. Let m = -1 - -43. Calculate the highest common factor of m and l.
21
Let x(i) = -3*i + 9. Let p be x(3). Suppose y + 3 = p, -4*y = -9*n + 13*n. Calculate the highest common factor of n and 12.
3
Let w = 143 + -79. Let p = -258 - -386. What is the greatest common factor of p and w?
64
Let g(t) = 2*t**2 + 34*t - 41. Let v be g(-17). Let d be -40 - v - (-5 - 0). What is the greatest common divisor of d and 42?
6
Let p be ((-6)/(-16))/((-15)/(-20))*4. Suppose p*t - 5*z = 61, -4*t - 5*z = -3*t - 23. Calculate the greatest common divisor of t and 224.
28
Let f(d) = 68*d + 2. Let x be f(-4). Let m = x + 413. Let y(u) = -u**2 + 45*u + 13. Let c be y(45). Calculate the highest common factor of m and c.
13
Let c = 24 - 25. Let r(f) = -11*f**3 - f**2 - 3*f - 3. Let g be r(c). Let s be 6/4 - ((-49)/2 + -4). Calculate the greatest common divisor of g and s.
10
Suppose 0 = -4*w - 4*f + 4072, -1118 = -2*w - 9*f + 939. Calculate the highest common divisor of 319 and w.
29
Suppose -5*y + r + 27 = -y, -3*y + 24 = 3*r. Suppose 37 = s + y. Let m = 2 + 10. Calculate the greatest common factor of s and m.
6
Let m(w) be the second derivative of -3/2*w**4 + 0 - 6*w**2 + 19*w - 1/6*w**3 - 1/20*w**5. Let i be m(-18). What is the highest common factor of 54 and i?
6
Let v(j) = -1280*j - 602. Let s be v(-3). Calculate the greatest common divisor of 2 and s.
2
Suppose -5*i + 0*b + 505 = -5*b, 4*b = i - 107. Suppose 0 = 105*o - i*o - 288. What is the greatest common divisor of 120 and o?
24
Let d = -782 - -818. Let u be ((-40)/30)/((-2)/6). Suppose -u*t = -2*t - 24. What is the greatest common divisor of t and d?
12
Suppose 3*u + 4*f - 710 = 0, 718 = 3*u - 8*f + 4*f. Calculate the highest common factor of 63 and u.
7
Let k be 36/30*((-410)/(-30) + -7). What is the highest common divisor of 254 and k?
2
Suppose 14*m - 254140 - 640880 = -70*m. Calculate the greatest common divisor of 5 and m.
5
Let f be (-2)/(-3) + (-5)/(30/(-302)). Suppose -3*k + 47 = -0*k - q, -5*q - 65 = -5*k. What is the greatest common divisor of f and k?
17
Suppose 15 + 17 = k. Let f = -27 + k. Suppose 0*q - f*q = -35. What is the greatest common factor of 7 and q?
7
Let u = -129 - -130. Let k be (132 - u)*(-2 + 3) - 1. What is the greatest common factor of k and 10?
10
Suppose 151*u - 86*u = -161*u + 12882. Calculate the highest common divisor of 1140 and u.
57
Let h be (-846 - -58)/(2/3*-3). Calculate the highest common factor of h and 11623.
197
Suppose q = 7 - 7. Suppose 6*a - 22 + 16 = q. Suppose 4*n - 6 = 30. What is the highest common divisor of a and n?
1
Suppose 3*n - 70 = 2*n - 11*d, 3*n - 94 = -4*d. What is the highest common factor of n and 3913?
13
Let c be (16/(-24))/((-4)/6). Let l(j) = -j**3 + 16*j**2 + 85*j - 99. Let v be l(20). What is the greatest common factor of c and v?
1
Let l(q) = 2*q**2 + 38*q - 1345. Let b be l(-38). What is the highest common factor of 7887 and b?
33
Suppose 8*y - 72 = -10*y. Suppose -y*j + 0*j + 80 = 5*i, 0 = -5*j + 3*i + 63. What is the greatest common divisor of j and 12?
3
Suppose -1084*q + 1072*q = -840. What is the highest common divisor of 2070 and q?
10
Let h be (-15 + 2388/(-18))/((-2)/12). Suppose 23*i = h - 196. Calculate the highest common divisor of 570 and i.
30
Suppose 19*x - 31*x + 100956 = -7308. Calculate the greatest common divisor of x and 26.
26
Suppose -1223 = -272*t + 4773 - 556. What is the greatest common divisor of t and 95?
5
Suppose -8*x + x + 56 = 0. Let n = x - -70. Calculate the greatest common divisor of n and 26.
26
Let c = -351 - -494. What is the highest common divisor of c and 1417?
13
Let s(d) = -56*d - 20. Let p = -174 - -169. Let j be s(p). What is the highest common divisor of j and 20?
20
Let c(b) = 15*b - 2131. Let i be c(161). What is the greatest common factor of i and 12?
4
Let j(q) = q**2 - 15*q + 57. Let h be j(6). Suppose -5*c + b + h*b + 296 = 0, 4 = -b. What is the highest common divisor of 378 and c?
14
Let u be 1288/12 - 2/(-3). Let p(y) = 24*y + 84. Let x be p(-2). What is the greatest common divisor of u and x?
36
Let v(x) = -x**2 + x + 3. Let s be v(7). Let c be s/(-91) - 1/(-7)*1327. Calculate the greatest common divisor of 10 and c.
10
Let d = 101 + -175. Let b = d + 128. Let n be b*((-80)/(-15))/8. What is the greatest common factor of n and 396?
36
Suppose 5*f + 190 = 10*f. Let o be 53 + (-1)/((-1)/2) - -1. Let y = -18 + o. Calculate the highest common factor of y and f.
38
Let c be (-2)/5*17/((-170)/900). What is the greatest common divisor of c and 588?
12
Let n = -12958 - -13035. Calculate the greatest common divisor of n and 49.
7
Let g(i) = -3*i**3 + 4*i**2 + 6*i - 11. Let o be 4/((2 - 3)*1). Let l be g(o). Calculate the greatest common divisor of l and 13.
13
Let h(j) = -23*j - 1328. Let g be h(-61). Let d(t) = -7*t**2 + 2*t - 4. Let m be d(-3). Let a = m + g. Calculate the greatest common divisor of 6 and a.
2
Suppose 1481*s = 1493*s - 118188. What is the greatest common factor of 21 and s?
21
Let u = -813 + 381. Let o = -392 - u. Calculate the highest common factor of 128 and o.
8
Let c(n) = -67*n + 1431. Let k be c(15). What is the highest common divisor of 108 and k?
6
Let g(y) = 55*y. Let j be g(4). Let d(t) = -75*t + 5. Let z be d(2). Let x = z - -165. What is the greatest common divisor of j and x?
20
Let t be 6/(-15) + (-26)/10 + (-8 - -123). Calculate the greatest common factor of 476 and t.
28
Suppose -2193 + 573 = 7*u - 25*u. Calculate the greatest common factor of u and 1050.
30
Let w = 176 - 178. Let o be (-407)/w - 34/68. Calculate the greatest common factor of o and 7.
7
Suppose -3*y = -2*h - 54, -791*y - 3*h = -789*y - 10. Calculate the highest common factor of y and 11746.
14
Let l be 187 - (14/(-7)*1 + -6). Calculate the greatest common divisor of 91 and l.
13
Let p be 4/2 - (1454 - 1473). Suppose -6*o = -5*b - 5*o - 1082, b + 2*o = -223. Let c = b + 385. Calculate the greatest common divisor of c and p.
21
Let p(m) = -m**2 - 100*m + 4042. Let b be p(25). What is the highest common divisor of 35 and b?
7
Suppose -127 = -8*r - 455. Let k = -28 - r. Let p = 60 - -5. What is the highest common factor of p and k?
13
Let o be (9/(-6))/(2/16*6). Let j be o/12 + (-725)/150. Let a be (14 - 9) + -2 + j/(-1). What is the highest common divisor of 72 and a?
8
Let w(z) = z**2 - 115*z + 881. Let l be w(8). Let i = -19 - -294. Calculate the highest common divisor of i and l.
25
Let f(b) = -3*b + 18. Suppose 0 = 8*d + 1206 - 326. Let r = d + 81. Let w be f(r). What is the greatest common divisor of 42 and w?
21
Let o(r) = -392*r - 2254. Let t be o(-94). What is the highest common divisor of t and 98?
98
Suppose -3*q - 5*z + 122 = 0, -6*z + 3*z - 90 = -3*q. Let m be 5944/14 + 69/161. What is the greatest common factor of m and q?
17
Suppose -4*c - 129 = -5*r, -c + 0*r - 28 = 3*r. Let d = c + 33. Let x(u) = -u**2 + 6*u + 1. Let t be x(d). What is the greatest common factor of t and 45?
9
Suppose 42*y = 9*y + 231. Suppose x + 0 = -1, -5*x = -5*m + 220. Suppose j + 9 = 2*a, -m = -4*a - 7*j + 4*j. What is the highest common factor of a and y?
7
Suppose 5*y = 3*o - 144, -3*y - 51 = -5*o + 205. Let u(m) = 7*m**2 - 23*m - 61. Let l be u(6). Calculate the highest common factor of o and l.
53
Let a(s) = -9*s**2 + 2*s + 37. Let r(h) = 2*h**2 + 1. Let u(z)